{"id":6372,"date":"2016-10-05T16:48:53","date_gmt":"2016-10-05T14:48:53","guid":{"rendered":"https:\/\/www.martherobin.com\/mentions-legales\/"},"modified":"2021-07-22T13:22:30","modified_gmt":"2021-07-22T11:22:30","slug":"mentions-legales","status":"publish","type":"page","link":"https:\/\/www.martherobin.com\/es\/mentions-legales\/","title":{"rendered":"Aspectos legales"},"content":{"rendered":"<section class=\"fw-main-row \"  >\r\n\t<div class=\"fw-container \">\r\n\t\t<div class=\"\">\r\n\t\t\t<div class=\"fw-row\">\n\t<div class=\"fw-col-xs-12\">\n\t\r\n<h3>Publicaci\u00f3n del sitio<\/h3><p>Esta p\u00e1gina web es propiedad de la Fundaci\u00f3n Foyers de Charit\u00e9, 85 rue Geoffroy de Moirans \u2013 F-26330 Ch\u00e2teauneuf-de-Galaure.<\/p><p><strong>Director de la publicaci\u00f3n:<\/strong>\u00a0 <a href=\"\/?page_id=6285\">Departamento de comunicaci\u00f3n de los Foyers de Charit\u00e9<\/a><\/p><p><strong>Alojamiento<\/strong> : Nexi Conseils - <a href=\"http:\/\/www.nexi.fr\">www.nexi.fr<\/a><br \/><strong>Dise\u00f1o web y desarrollo del sitio:<\/strong>\u00a0<a href=\"https:\/\/www.fidesio.com\/\" target=\"_blank\" rel=\"noopener\">agencia web<\/a>\u00a0Fidesio<\/p><h3>Derechos de autor y derecho de reproducci\u00f3n<\/h3><p>El nombre de dominio \u201cwww.martherobin.com\u201d es propiedad de los Foyers de Charit\u00e9.<br \/>Adem\u00e1s, el conjunto del sitio (textos e im\u00e1genes) as\u00ed como cada uno de sus elementos tomados por separado est\u00e1n sujetos a la legislaci\u00f3n francesa e internacional sobre el derecho de autor y, m\u00e1s ampliamente, sobre la propiedad intelectual (que incluye en particular la protecci\u00f3n en virtud del derecho de autor).<\/p><p>Est\u00e1 prohibido modificar, reproducir, grabar o difundir los presentes documentos de cualquier forma y por cualquier medio:<\/p><ul><li>procedimiento electr\u00f3nico o mec\u00e1nico,<\/li><li>microfilme,<\/li><li>fotocopia,<\/li><li>grabaci\u00f3n,<\/li><li>u otro medio...<\/li><\/ul><p>sin autorizaci\u00f3n previa y por escrito de los autores.<\/p><p>Todos los derechos de reproducci\u00f3n o representaci\u00f3n de los presentes documentos quedan reservados para todos los pa\u00edses.<\/p><p>Todas las fotos y v\u00eddeos que aparecen en el sitio web pertenecen a sus respectivos propietarios.<\/p><p>Todos los derechos de reproducci\u00f3n, representaci\u00f3n y comunicaci\u00f3n p\u00fablica quedan reservados, incluyendo los documentos descargables y representaciones visuales, audiovisuales, audios, fotogr\u00e1ficas, iconogr\u00e1ficas, logotipos u otros tipos de documentos.<\/p><p>La reproducci\u00f3n de todo o una parte de esta p\u00e1gina en cualquier soporte electr\u00f3nico est\u00e1 prohibida categ\u00f3ricamente sin autorizaci\u00f3n expresa del director de la publicaci\u00f3n y constituir\u00eda un plagio sujeto a las sanciones previstas en los art\u00edculos L335-2 y siguientes del C\u00f3digo franc\u00e9s de la propiedad intelectual.<\/p><h3>Pol\u00edtica de protecci\u00f3n de datos personales<\/h3><p>o <strong>Tipo de datos recopilados<\/strong><br \/>Los datos que recogemos provienen de la transmisi\u00f3n voluntaria de su direcci\u00f3n de correo electr\u00f3nico o su informaci\u00f3n de contacto, que le permite recibir informaci\u00f3n al contactarnos o mediante una solicitud de inscripci\u00f3n para un retiro.<\/p><p>o <strong>Derecho de acceso, modificaci\u00f3n y supresi\u00f3n <\/strong><br \/>De conformidad con el art\u00edculo 27 de la ley francesa sobre Inform\u00e1tica y Libertades (\u201cloi Informatique et Libert\u00e9s\u201d) del 6 de enero de 1978, dispone de un derecho de acceso, rectificaci\u00f3n y supresi\u00f3n en cuanto a los datos personales que podr\u00edamos recoger.<br \/>Puede ejercer este derecho envi\u00e1ndonos un correo electr\u00f3nico o escribi\u00e9ndonos.<br \/>Email :\u00a0<span lang=\"pt-PT\">contact[<\/span><span lang=\"fr-FR\">@]martherobin.com<\/span><\/p><\/div>\n<\/div>\n\n\t\t<\/div>\r\n\t<\/div>\r\n<\/section>\r\n\n","protected":false},"excerpt":{"rendered":"Publicaci\u00f3n del sitioEsta p\u00e1gina web es propiedad de la Fundaci\u00f3n Foyers de Charit\u00e9, 85 rue Geoffroy de Moirans \u2013 F-26330 Ch\u00e2teauneuf-de-Galaure.Director de la publicaci\u00f3n:\u00a0 Departamento de comunicaci\u00f3n de los Foyers de Charit\u00e9Alojamiento : Nexi Conseils &#8211; www.nexi.frDise\u00f1o web y desarrollo del sitio:\u00a0agencia web\u00a0FidesioDerechos de autor y derecho de reproducci\u00f3nEl nombre de dominio \u201cwww.martherobin.com\u201d es propiedad&#8230; <a class=\"view-article\" href=\"https:\/\/www.martherobin.com\/es\/mentions-legales\/\">Ver art\u00edculo<\/a>","protected":false},"author":6,"featured_media":0,"parent":0,"menu_order":0,"comment_status":"closed","ping_status":"closed","template":"","meta":{"footnotes":""},"class_list":["post-6372","page","type-page","status-publish","hentry"],"_links":{"self":[{"href":"https:\/\/www.martherobin.com\/es\/wp-json\/wp\/v2\/pages\/6372","targetHints":{"allow":["GET"]}}],"collection":[{"href":"https:\/\/www.martherobin.com\/es\/wp-json\/wp\/v2\/pages"}],"about":[{"href":"https:\/\/www.martherobin.com\/es\/wp-json\/wp\/v2\/types\/page"}],"author":[{"embeddable":true,"href":"https:\/\/www.martherobin.com\/es\/wp-json\/wp\/v2\/users\/6"}],"replies":[{"embeddable":true,"href":"https:\/\/www.martherobin.com\/es\/wp-json\/wp\/v2\/comments?post=6372"}],"version-history":[{"count":3,"href":"https:\/\/www.martherobin.com\/es\/wp-json\/wp\/v2\/pages\/6372\/revisions"}],"predecessor-version":[{"id":8499,"href":"https:\/\/www.martherobin.com\/es\/wp-json\/wp\/v2\/pages\/6372\/revisions\/8499"}],"wp:attachment":[{"href":"https:\/\/www.martherobin.com\/es\/wp-json\/wp\/v2\/media?parent=6372"}],"curies":[{"name":"wp","href":"https:\/\/api.w.org\/{rel}","templated":true}]}}

<section class="fw-main-row "  >
	<div class="fw-container ">
		<div class="">
			<div class="fw-row">
	<div class="fw-col-xs-12">
	
<h3>Publicación del sitio</h3><p>Esta página web es propiedad de la Fundación Foyers de Charité, 85 rue Geoffroy de Moirans – F-26330 Châteauneuf-de-Galaure.</p><p><strong>Director de la publicación:</strong>  <a href="/?page_id=6285">Departamento de comunicación de los Foyers de Charité</a></p><p><strong>Alojamiento</strong> : Nexi Conseils - <a href="http://www.nexi.fr">www.nexi.fr</a><br /><strong>Diseño web y desarrollo del sitio:</strong> <a href="https://www.fidesio.com/" target="_blank" rel="noopener">agencia web</a> Fidesio</p><h3>Derechos de autor y derecho de reproducción</h3><p>El nombre de dominio “www.martherobin.com” es propiedad de los Foyers de Charité.<br />Además, el conjunto del sitio (textos e imágenes) así como cada uno de sus elementos tomados por separado están sujetos a la legislación francesa e internacional sobre el derecho de autor y, más ampliamente, sobre la propiedad intelectual (que incluye en particular la protección en virtud del derecho de autor).</p><p>Está prohibido modificar, reproducir, grabar o difundir los presentes documentos de cualquier forma y por cualquier medio:</p><ul><li>procedimiento electrónico o mecánico,</li><li>microfilme,</li><li>fotocopia,</li><li>grabación,</li><li>u otro medio...</li></ul><p>sin autorización previa y por escrito de los autores.</p><p>Todos los derechos de reproducción o representación de los presentes documentos quedan reservados para todos los países.</p><p>Todas las fotos y vídeos que aparecen en el sitio web pertenecen a sus respectivos propietarios.</p><p>Todos los derechos de reproducción, representación y comunicación pública quedan reservados, incluyendo los documentos descargables y representaciones visuales, audiovisuales, audios, fotográficas, iconográficas, logotipos u otros tipos de documentos.</p><p>La reproducción de todo o una parte de esta página en cualquier soporte electrónico está prohibida categóricamente sin autorización expresa del director de la publicación y constituiría un plagio sujeto a las sanciones previstas en los artículos L335-2 y siguientes del Código francés de la propiedad intelectual.</p><h3>Política de protección de datos personales</h3><p>o <strong>Tipo de datos recopilados</strong><br />Los datos que recogemos provienen de la transmisión voluntaria de su dirección de correo electrónico o su información de contacto, que le permite recibir información al contactarnos o mediante una solicitud de inscripción para un retiro.</p><p>o <strong>Derecho de acceso, modificación y supresión </strong><br />De conformidad con el artículo 27 de la ley francesa sobre Informática y Libertades (“loi Informatique et Libertés”) del 6 de enero de 1978, dispone de un derecho de acceso, rectificación y supresión en cuanto a los datos personales que podríamos recoger.<br />Puede ejercer este derecho enviándonos un correo electrónico o escribiéndonos.<br />Email : <span lang="pt-PT">contact[</span><span lang="fr-FR">@]martherobin.com</span></p></div>
</div>

		</div>
	</div>
</section>

Publicación del sitioEsta página web es propiedad de la Fundación Foyers de Charité, 85 rue Geoffroy de Moirans – F-26330 Châteauneuf-de-Galaure.Director de la publicación:  Departamento de comunicación de los Foyers de CharitéAlojamiento : Nexi Conseils &#8211; www.nexi.frDiseño web y desarrollo del sitio: agencia web FidesioDerechos de autor y derecho de reproducciónEl nombre de dominio “www.martherobin.com” es propiedad&#8230; <a class="view-article" href="https://www.martherobin.com/es/mentions-legales/">Ver artículo</a>
